{"id":900,"date":"2025-05-27T14:10:19","date_gmt":"2025-05-27T12:10:19","guid":{"rendered":"https:\/\/levertmanoir.fr\/?page_id=900"},"modified":"2026-01-12T09:17:10","modified_gmt":"2026-01-12T08:17:10","slug":"politique-de-confidentialite","status":"publish","type":"page","link":"https:\/\/levertmanoir.fr\/anglais\/politique-de-confidentialite\/","title":{"rendered":"Privacy policy"},"content":{"rendered":"<div data-elementor-type=\"wp-page\" data-elementor-id=\"900\" class=\"elementor elementor-900\">\n\t\t\t\t<div class=\"elementor-element elementor-element-495053e e-flex e-con-boxed e-con e-parent\" data-id=\"495053e\" data-element_type=\"container\" data-e-type=\"container\">\n\t\t\t\t\t<div class=\"e-con-inner\">\n\t\t\t\t<div class=\"elementor-element elementor-element-068f5ec elementor-widget elementor-widget-heading\" data-id=\"068f5ec\" data-element_type=\"widget\" data-e-type=\"widget\" data-widget_type=\"heading.default\">\n\t\t\t\t<div class=\"elementor-widget-container\">\n\t\t\t\t\t<h2 class=\"elementor-heading-title elementor-size-default\">Privacy policy<\/h2>\t\t\t\t<\/div>\n\t\t\t\t<\/div>\n\t\t\t\t<div class=\"elementor-element elementor-element-99b7221 elementor-widget elementor-widget-image\" data-id=\"99b7221\" data-element_type=\"widget\" data-e-type=\"widget\" data-widget_type=\"image.default\">\n\t\t\t\t<div class=\"elementor-widget-container\">\n\t\t\t\t\t\t\t\t\t\t\t\t\t\t\t<img decoding=\"async\" width=\"1024\" height=\"14\" src=\"https:\/\/levertmanoir.fr\/wp-content\/uploads\/2025\/05\/jbjb-1024x14.png\" class=\"attachment-large size-large wp-image-267\" alt=\"\" srcset=\"https:\/\/levertmanoir.fr\/wp-content\/uploads\/2025\/05\/jbjb-1024x14.png 1024w, https:\/\/levertmanoir.fr\/wp-content\/uploads\/2025\/05\/jbjb-300x4.png 300w, https:\/\/levertmanoir.fr\/wp-content\/uploads\/2025\/05\/jbjb-768x10.png 768w, https:\/\/levertmanoir.fr\/wp-content\/uploads\/2025\/05\/jbjb-1536x21.png 1536w, https:\/\/levertmanoir.fr\/wp-content\/uploads\/2025\/05\/jbjb-2048x28.png 2048w\" sizes=\"(max-width: 1024px) 100vw, 1024px\" \/>\t\t\t\t\t\t\t\t\t\t\t\t\t\t\t<\/div>\n\t\t\t\t<\/div>\n\t\t\t\t\t<\/div>\n\t\t\t\t<\/div>\n\t\t<div class=\"elementor-element elementor-element-1096036 e-flex e-con-boxed e-con e-parent\" data-id=\"1096036\" data-element_type=\"container\" data-e-type=\"container\">\n\t\t\t\t\t<div class=\"e-con-inner\">\n\t\t\t\t<div class=\"elementor-element elementor-element-10262fc elementor-widget elementor-widget-text-editor\" data-id=\"10262fc\" data-element_type=\"widget\" data-e-type=\"widget\" data-widget_type=\"text-editor.default\">\n\t\t\t\t<div class=\"elementor-widget-container\">\n\t\t\t\t\t\t\t\t\t<p><strong>Who are we ?<\/strong><\/p><p>At Le Vert Manoir, we attach great importance to protecting your personal data. This privacy policy tells you how we collect, use and protect the data you send us via our contact form.<br \/>Website :\u00a0https:\/\/levertmanoir.fr\/<\/p><p><strong>1. Data collected<\/strong><\/p><p>When you fill in our contact form, we collect only the following data :<\/p><p>-Votre t\u00e9l\u00e9phone (Le num\u00e9ro de t\u00e9l\u00e9phone est collect\u00e9 afin de recontacter l\u2019utilisateur suite \u00e0 une demande de contact \/ devis \/ assistance.)<\/p><p>- Your name<\/p><p>-Votre adresse e-mail<\/p><p>- The content of your message<\/p><p><strong>2. Use of data<\/strong><\/p><p>The data collected is used only<br \/>for :<\/p><ul><li>Respond to your requests for contact or information.<\/li><li>None of your data will be sold, exchanged or shared with third parties.<\/li><\/ul><p><strong>3. Data retention<\/strong><\/p><p>Your data will only be kept for as long as is necessary to process your request, and will not be stored for any longer.<\/p><p><strong>4. Security<\/strong><\/p><p>We take all reasonable technical measures to ensure the security of your data.<\/p><p><strong>5. Your rights<\/strong><\/p><p>In accordance with the General Data Protection Regulation (GDPR ), you have the following rights :<\/p><p>Right of access, rectification or deletion of your data.<\/p><p>Right to restrict or object to the processing of your data.<\/p><p>Right to lodge a complaint with the CNIL.<\/p><p>To exercise your rights, please contact us at the following address: contact@levertmanoir.fr<\/p><p><strong>6. Contact<\/strong><\/p><p>If you have any questions about this privacy policy, please write to us at: contact@levertmanoir.fr<\/p>\t\t\t\t\t\t\t\t<\/div>\n\t\t\t\t<\/div>\n\t\t\t\t\t<\/div>\n\t\t\t\t<\/div>\n\t\t<div class=\"elementor-element elementor-element-ae65818 e-flex e-con-boxed e-con e-parent\" data-id=\"ae65818\" data-element_type=\"container\" data-e-type=\"container\">\n\t\t\t\t\t<div class=\"e-con-inner\">\n\t\t\t\t<div class=\"elementor-element elementor-element-bf96a1f elementor-widget elementor-widget-spacer\" data-id=\"bf96a1f\" data-element_type=\"widget\" data-e-type=\"widget\" data-widget_type=\"spacer.default\">\n\t\t\t\t<div class=\"elementor-widget-container\">\n\t\t\t\t\t\t\t<div class=\"elementor-spacer\">\n\t\t\t<div class=\"elementor-spacer-inner\"><\/div>\n\t\t<\/div>\n\t\t\t\t\t\t<\/div>\n\t\t\t\t<\/div>\n\t\t\t\t\t<\/div>\n\t\t\t\t<\/div>\n\t\t\t\t<\/div>","protected":false},"excerpt":{"rendered":"<p>Politique de confidentialit\u00e9 Qui sommes-nous\u00a0? Chez\u00a0Le Vert Manoir, nous attachons une grande importance \u00e0 la protection de vos donn\u00e9es personnelles. [&hellip;]<\/p>\n","protected":false},"author":1,"featured_media":0,"parent":0,"menu_order":0,"comment_status":"closed","ping_status":"closed","template":"","meta":{"site-sidebar-layout":"no-sidebar","site-content-layout":"","ast-site-content-layout":"full-width-container","site-content-style":"default","site-sidebar-style":"default","ast-global-header-display":"","ast-banner-title-visibility":"","ast-main-header-display":"","ast-hfb-above-header-display":"","ast-hfb-below-header-display":"","ast-hfb-mobile-header-display":"","site-post-title":"disabled","ast-breadcrumbs-content":"","ast-featured-img":"disabled","footer-sml-layout":"","theme-transparent-header-meta":"","adv-header-id-meta":"","stick-header-meta":"","header-above-stick-meta":"","header-main-stick-meta":"","header-below-stick-meta":"","astra-migrate-meta-layouts":"default","ast-page-background-enabled":"default","ast-page-background-meta":{"desktop":{"background-color":"var(--ast-global-color-5)","background-image":"","background-repeat":"repeat","background-position":"center center","background-size":"auto","background-attachment":"scroll","background-type":"","background-media":"","overlay-type":"","overlay-color":"","overlay-opacity":"","overlay-gradient":""},"tablet":{"background-color":"","background-image":"","background-repeat":"repeat","background-position":"center center","background-size":"auto","background-attachment":"scroll","background-type":"","background-media":"","overlay-type":"","overlay-color":"","overlay-opacity":"","overlay-gradient":""},"mobile":{"background-color":"","background-image":"","background-repeat":"repeat","background-position":"center center","background-size":"auto","background-attachment":"scroll","background-type":"","background-media":"","overlay-type":"","overlay-color":"","overlay-opacity":"","overlay-gradient":""}},"ast-content-background-meta":{"desktop":{"background-color":"var(--ast-global-color-4)","background-image":"","background-repeat":"repeat","background-position":"center center","background-size":"auto","background-attachment":"scroll","background-type":"","background-media":"","overlay-type":"","overlay-color":"","overlay-opacity":"","overlay-gradient":""},"tablet":{"background-color":"var(--ast-global-color-4)","background-image":"","background-repeat":"repeat","background-position":"center center","background-size":"auto","background-attachment":"scroll","background-type":"","background-media":"","overlay-type":"","overlay-color":"","overlay-opacity":"","overlay-gradient":""},"mobile":{"background-color":"var(--ast-global-color-4)","background-image":"","background-repeat":"repeat","background-position":"center center","background-size":"auto","background-attachment":"scroll","background-type":"","background-media":"","overlay-type":"","overlay-color":"","overlay-opacity":"","overlay-gradient":""}},"iawp_total_views":0,"footnotes":""},"class_list":["post-900","page","type-page","status-publish","hentry"],"_links":{"self":[{"href":"https:\/\/levertmanoir.fr\/anglais\/wp-json\/wp\/v2\/pages\/900","targetHints":{"allow":["GET"]}}],"collection":[{"href":"https:\/\/levertmanoir.fr\/anglais\/wp-json\/wp\/v2\/pages"}],"about":[{"href":"https:\/\/levertmanoir.fr\/anglais\/wp-json\/wp\/v2\/types\/page"}],"author":[{"embeddable":true,"href":"https:\/\/levertmanoir.fr\/anglais\/wp-json\/wp\/v2\/users\/1"}],"replies":[{"embeddable":true,"href":"https:\/\/levertmanoir.fr\/anglais\/wp-json\/wp\/v2\/comments?post=900"}],"version-history":[{"count":25,"href":"https:\/\/levertmanoir.fr\/anglais\/wp-json\/wp\/v2\/pages\/900\/revisions"}],"predecessor-version":[{"id":1467,"href":"https:\/\/levertmanoir.fr\/anglais\/wp-json\/wp\/v2\/pages\/900\/revisions\/1467"}],"wp:attachment":[{"href":"https:\/\/levertmanoir.fr\/anglais\/wp-json\/wp\/v2\/media?parent=900"}],"curies":[{"name":"wp","href":"https:\/\/api.w.org\/{rel}","templated":true}]}}